{"id":54,"date":"2019-01-16T10:34:35","date_gmt":"2019-01-16T10:34:35","guid":{"rendered":"http:\/\/habiballa.8u.cz\/?page_id=54"},"modified":"2022-09-16T16:12:03","modified_gmt":"2022-09-16T14:12:03","slug":"zakladni-informace","status":"publish","type":"page","link":"https:\/\/web.osu.cz\/~Habiballa\/zakladni-informace\/","title":{"rendered":"Z\u00e1kladn\u00ed informace"},"content":{"rendered":"\n<p>Jm\u00e9no a p\u0159\u00edjmen\u00ed: <strong>Hashim Habiballa<\/strong> <br>Datum a m\u00edsto narozen\u00ed: <strong>\u010cerven 27, 1976; <a href=\"http:\/\/www.havirov.cz\/\">Hav\u00ed\u0159ov<\/a>, okr. Karvin\u00e1<\/strong><br>Bydli\u0161t\u011b: <strong><a href=\"http:\/\/www.ostrava.cz\/\">Ostrava<\/a><\/strong>    <br>Zam\u011bstn\u00e1n\u00ed:<strong> Docent, <a href=\"http:\/\/prf.osu.cz\/kip\/\">Katedra informatiky<\/a>, <a href=\"http:\/\/prf.osu.cz\/\">P\u0159\u00edrodov\u011bdeck\u00e1 fakulta<\/a>, <a href=\"http:\/\/www.osu.cz\/\">Ostravsk\u00e1 Univerzita<\/a><\/strong>    <\/p>\n\n\n\n<p>Vzd\u011bl\u00e1n\u00ed: <\/p>\n\n\n\n<ul class=\"wp-block-list\"><li><strong><a rel=\"noreferrer noopener\" href=\"http:\/\/www.uhk.cz\/cs-cz\/veda\/veda-a-vyzkum\/habilitace-profesury\/Stranky\/default.aspx\" target=\"_blank\">Univerzita Hradec Kr\u00e1lov\u00e9<\/a>, Fakulta informatiky a managementu, (Doc. &#8211; Syst\u00e9mov\u00e9 in\u017een\u00fdrstv\u00ed a informatika)(2012)<\/strong> <\/li><li><strong><a href=\"http:\/\/www.osu.cz\/\">Ostravsk\u00e1 Univerzita<\/a>, P\u0159\u00edrodov\u011bdeck\u00e1 fakulta (Ph.D.- &#8222;Informa\u010dn\u00ed syst\u00e9my&#8220;)(2007)<\/strong><\/li><li><strong><a href=\"http:\/\/www.osu.cz\/\">Ostravsk\u00e1 Univerzita<\/a>, P\u0159\u00edrodov\u011bdeck\u00e1 fakulta (RNDr. &#8211; &#8222;Informa\u010dn\u00ed syst\u00e9my&#8220;)(2006) <\/strong><\/li><li><strong><a href=\"http:\/\/www.ukf.sk\/\">Univerzita Kon\u0161tant\u00edna Filozofa<\/a>, <a href=\"http:\/\/www.slovakia.sk\/\">Slovensk\u00e1 rep.<\/a>, (PhD. &#8211; &#8222;Te\u00f3ria vyu\u010dovania informatiky&#8220;)(2004)<\/strong><\/li><li><strong><a href=\"http:\/\/www.ukf.sk\/\">Univerzita Kon\u0161tant\u00edna Filozofa<\/a>, <a href=\"http:\/\/www.slovakia.sk\/\">Slovensk\u00e1 rep.<\/a>(PaedDr. &#8211; &#8222;u\u010ditelstv\u00ed informatiky&#8220;)(2003)<\/strong><\/li><li><strong><a href=\"http:\/\/www.osu.cz\/\">Ostravsk\u00e1 Univerzita<\/a>, P\u0159\u00edrodov\u011bdeck\u00e1 fakulta (Mgr.- &#8222;Informa\u010dn\u00ed syst\u00e9my&#8220;)(1999)<\/strong><\/li><li><strong><a href=\"http:\/\/www.osu.cz\/\">Ostravsk\u00e1 Univerzita<\/a>, P\u0159\u00edrodov\u011bdeck\u00e1 fakulta (Bc. &#8211; &#8222;Informatika&#8220;)(1997)<\/strong><\/li><\/ul>\n\n\n\n<div data-wp-interactive=\"core\/file\" class=\"wp-block-file aligncenter\"><object data-wp-bind--hidden=\"!state.hasPdfPreview\" hidden class=\"wp-block-file__embed\" data=\"https:\/\/web.osu.cz\/~Habiballa\/wp-content\/uploads\/2022\/09\/CV2022b.pdf\" type=\"application\/pdf\" style=\"width:100%;height:220px\" aria-label=\"Vlo\u017eit z Vlo\u017eit z CV2022b..\"><\/object><a id=\"wp-block-file--media-d0aa81c6-25f8-4763-aa71-22b94f2fb842\" href=\"https:\/\/web.osu.cz\/~Habiballa\/wp-content\/uploads\/2022\/09\/CV2022b.pdf\">CV2022b<\/a><a href=\"https:\/\/web.osu.cz\/~Habiballa\/wp-content\/uploads\/2022\/09\/CV2022b.pdf\" class=\"wp-block-file__button\" download aria-describedby=\"wp-block-file--media-d0aa81c6-25f8-4763-aa71-22b94f2fb842\">Download<\/a><\/div>\n","protected":false},"excerpt":{"rendered":"<p>Jm\u00e9no a p\u0159\u00edjmen\u00ed: Hashim Habiballa Datum a m\u00edsto narozen\u00ed: \u010cerven 27, 1976; Hav\u00ed\u0159ov, okr. Karvin\u00e1Bydli\u0161t\u011b: Ostrava Zam\u011bstn\u00e1n\u00ed: Docent, Katedra informatiky, P\u0159\u00edrodov\u011bdeck\u00e1 fakulta, Ostravsk\u00e1 Univerzita Vzd\u011bl\u00e1n\u00ed: Univerzita Hradec Kr\u00e1lov\u00e9, Fakulta informatiky a managementu, (Doc. &#8211; Syst\u00e9mov\u00e9 in\u017een\u00fdrstv\u00ed a informatika)(2012) Ostravsk\u00e1 Univerzita, P\u0159\u00edrodov\u011bdeck\u00e1 fakulta (Ph.D.- &#8222;Informa\u010dn\u00ed syst\u00e9my&#8220;)(2007) Ostravsk\u00e1 Univerzita, P\u0159\u00edrodov\u011bdeck\u00e1 fakulta (RNDr. &#8211; &#8222;Informa\u010dn\u00ed syst\u00e9my&#8220;)(2006) Univerzita Kon\u0161tant\u00edna [&hellip;]<\/p>\n","protected":false},"author":1,"featured_media":0,"parent":0,"menu_order":0,"comment_status":"closed","ping_status":"closed","template":"","meta":{"ngg_post_thumbnail":0,"footnotes":""},"class_list":["post-54","page","type-page","status-publish","hentry"],"_links":{"self":[{"href":"https:\/\/web.osu.cz\/~Habiballa\/wp-json\/wp\/v2\/pages\/54","targetHints":{"allow":["GET"]}}],"collection":[{"href":"https:\/\/web.osu.cz\/~Habiballa\/wp-json\/wp\/v2\/pages"}],"about":[{"href":"https:\/\/web.osu.cz\/~Habiballa\/wp-json\/wp\/v2\/types\/page"}],"author":[{"embeddable":true,"href":"https:\/\/web.osu.cz\/~Habiballa\/wp-json\/wp\/v2\/users\/1"}],"replies":[{"embeddable":true,"href":"https:\/\/web.osu.cz\/~Habiballa\/wp-json\/wp\/v2\/comments?post=54"}],"version-history":[{"count":1,"href":"https:\/\/web.osu.cz\/~Habiballa\/wp-json\/wp\/v2\/pages\/54\/revisions"}],"predecessor-version":[{"id":358,"href":"https:\/\/web.osu.cz\/~Habiballa\/wp-json\/wp\/v2\/pages\/54\/revisions\/358"}],"wp:attachment":[{"href":"https:\/\/web.osu.cz\/~Habiballa\/wp-json\/wp\/v2\/media?parent=54"}],"curies":[{"name":"wp","href":"https:\/\/api.w.org\/{rel}","templated":true}]}}